
-21
What is 60 - 49 - (-6 - -7)?
10
What is the value of 3 + -11 - (-6 + 3)?
-5
Calculate 2 - ((5 - 1) + 3) - 7 - 1.
-13
What is the value of -3 + -8 + (0 - -12)?
1
0 + 17 - (-12 - (-16 + -8 + 9))
14
Evaluate -3 + (7 - (4 + 5)) + (2 - 2).
-5
Evaluate 0 + -9 - (15 - 10 - 6).
-8
What is 23 - (-19 + 31) - 3?
8
Calculate -5 + 0 - -47 - (-23 + 10 + 18).
37
What is (3 - (3 - 14)) + (-3 + 5 - 6)?
10
Calculate -1 + 1 - (24 + (-10 - (-7 + 41))).
20
Calculate 0 + 0 - (-134 + 141).
-7
What is 7 + (-17 - (-6 - -9))?
-13
What is (11 - (-27 - -52)) + 35?
21
Calculate (-3 - (-11 - 3)) + (-39 - -41).
13
Evaluate 11 + -10 + -13 + 2 + 4 - 0.
-6
(-7 - -5 - -6) + (64 - 51)
17
-3 + -5 + (-8 - -5 - -11) + -2
-2
What is the value of 0 + -60 + 23 - (-9 + 1)?
-29
Evaluate 6 + -1 - ((10 - -6) + (0 - -2)).
-13
Calculate -16 + (5 - -12) + -17.
-16
What is 30 + 12 + -15 - 22?
5
Evaluate 0 + -3 + (-10 - -21) + 2 - 32.
-22
3 + -11 + 4 - (7 + -14 - 7)
10
What is the value of (-4 + 14 - 3) + -4?
3
4 + (44 + -14 - 25)
9
What is the value of -12 - -14 - (1 - 0)?
1
-2 + 2 + (-42 - -42) + 10 - 3
7
What is the value of -6 + 17 + (-30 - -1)?
-18
What is 1 + -7 + (8 - 2 - 10 - -2)?
-8
What is 2 + 20 + (-90 - -80)?
12
What is -13 + 14 + -1 + -5?
-5
Evaluate 5 + -5 + -2 + 5 - -4.
7
What is the value of (32 - (2 + 26)) + -7?
-3
What is -7 - ((-19 - -7) + 7 + -1) - -1?
0
Evaluate 29 - (-20 + 58) - -3.
-6
Calculate -15 - (15 - 29) - -6.
5
What is the value of 132 + -136 + (-10 - -1)?
-13
52 - -2 - (-253 + 279)
28
-231 + 238 - (-1 - -14)
-6
What is -24 + -2 + 27 - 17?
-16
(37 - (-24 + 55)) + (-1 - -3) + -4
4
-18 + (23 - (23 + -3))
-15
4 + -6 + (-10 - -4) + (4 - 0)
-4
What is the value of -8 + 1 + (-1 - ((-2 - 7) + 11))?
-10
Calculate (-7 - -21 - (17 + -1)) + -33.
-35
What is -19 + (-7 - -3) + (-86 - -99)?
-10
Evaluate 2 + (9 + 11 - 19) - 13.
-10
Calculate (23 - 8) + -6 + 4 + 2.
15
Evaluate (-3 - -11) + 0 + -5 + (-2 - 1).
0
Evaluate 33 - (-12 - (-26 - -1)).
20
What is -5 - (-4 - -2) - (-7 + 1 + 5)?
-2
(-10 - 14) + 18 - 9
-15
What is the value of 6 + (4 - -6) + -16 + 8?
8
Calculate -2 - -1 - (-4 + -7) - 0.
10
What is 44 - 42 - (4 - (-5 + 1))?
-6
-16 - (12 + (-2 - 41))
15
1 + 28 + -20 + -9
0
What is the value of 1 + (-2 - (0 - 3)) + 0 - -5?
7
What is 22 + -46 + 47 + -35?
-12
Calculate 654 + -659 - (-2 - (-1 + 3 - 9)).
-10
What is the value of 7 - (-9 - (9 + -17))?
8
Calculate -9 - (6 - 1 - 4 - -2) - 0.
-12
What is the value of -3 + (6 + -10 - 3) - -5 - 6?
-11
Calculate 2 - (5 - (-3 + 5)) - (9 - -1).
-11
Evaluate -15 + -4 + 5 + (-3 - 1).
-18
What is 20 + -36 + 23 - (-2 + 19)?
-10
What is the value of -16 - (-15 - -3 - -7)?
-11
-34 + 38 - (3 - (4 + -2) - 0)
3
Evaluate (29 + (-1 - 6) - -19) + -5.
36
What is (-4 - (-5 - -10)) + (3 - 3) + -4?
-13
What is -13 + 6 + -4 + 43 - 16?
16
What is (-6 - -10) + (-19 - -22)?
7
Calculate (41 + -56 - (-1 - -2)) + 11.
-5
What is 8 - ((15 - 9) + -24 + 5)?
21
12 - (-4 - -7) - 14 - (1 + 6)
-12
What is 2 + (-10 + 26 - 8) - 14?
-4
Calculate (46 - (21 - -49)) + (-7 - 1).
-32
What is (-27 + 33 - 7) + (-2 - -26)?
23
-8 + (1 - -1) + -2
-8
What is (-12 - (-5 - (-8 - -12))) + 3 + -20?
-20
Evaluate 6 + 16 - (-10 + 11 - (-5 + -1)).
15
What is the value of (18 - (10 + 0)) + 6?
14
Calculate 12 - (-15 - (-19 - 8)).
0
Evaluate 26 + (2 - -10) + -4 + -8.
26
What is (4 - 26) + 45 + 0?
23
Evaluate 1 + 3 + 4 + (-4 - 2) + 12.
14
What is the value of -2 + 2 - (-16 + 12) - (1 + -3)?
6
Calculate -5 + (-6 - (-10 - 3 - (-12 - -11))).
1
What is (-1 + (-12 - -16) - (1 + 13)) + 5?
-6
What is 8 + (-6 - 7) + -6 + 3 + 0?
-8
What is 7 + (-42 - (-19 + 3))?
-19
Evaluate 42 + 1 - (-2 - (8 - 24)).
29
What is -3 - ((0 - 8) + (-32 - -35)) - -2?
4
-37 + 11 + -2 + 0 - -8
-20
What is the value of (12 - 5 - 24) + 33?
16
Calculate -27 + (45 - (20 - 20)).
18
14 + 3 - (-8 - 17 - -18)
24
Calculate (-5 - 1 - (14 - 11)) + -4.
-13
What is 4 - (-8 + (4 - 1))?
9
6 + -11 + 6 + -25 + 1
-23
What is the value of (21 - 12) + -3 + 16 - (7 + 0)?
15
What is the value of -2 - 0 - -26 - (85 + -89)?
28
Calculate -2 + 8 - ((10 - -1 - 10) + -10).
15
What is -3 - -5 - (-36 - -40)?
-2
What is 2 + (9 - 1) - (7 - (-2 - -3))?
4
What is -7 + 8 + -6 + -4 + 5 - 4?
-8
What is -4 + (-1 - 3) + -1 + (0 - -21)?
12
Evaluate -3 + -8 - (-2 + -6 - (55 - 76)).
-24
6 - (5 + 6 + -13 - -3)
5
8 + ((-10 - 1) + -1 - -4)
0
Evaluate (36 - (3 - -3)) + -15.
15
Evaluate -12 - -23 - (-1 - -11).
1
Calculate 5 - (8 - 16 - -24) - -2.
-9
What is the value of 7 - ((17 - 28) + (1 - -39))?
-22
-7 + -1 + 0 + 3 + 20 + 1
16
What is the value of (13 - 2 - (1 + 1)) + 59 + -80?
-12
What is the value of -139 + 160 - (22 + 1)?
-2
What is -12 + (14 - 14) - -13?
1
-8 - (-56 - -64 - (2 + (0 - -2)))
-12
Calculate -13 + (-2 - 2 - (-9 + 0 - -1)).
-9
Calculate -1 - (11 - (2 - -17)).
7
What is 18 + -35 + -8 + 22?
-3
-20 + -34 + 18 + 28
-8
Evaluate 20 - (-4 + 26 + -4).
2
4 + -19 + 6 + -2
-11
What is the value of -51 - -53 - (2 + -7 + 12)?
-5
Evaluate -1 + 22 + -1 - (-856 - -868).
8
Evaluate 1 + (13 - 25) + (-3 - -1) + 2.
-11
Evaluate 5 - ((-3 + -2 - -1) + (76 - 72)).
5
What is -15 + 0 + (26 - (-2 - -22))?
-9
-10 + (-5 - -17) + (-3 - -1)
0
Calculate -23 - -4 - (-21 + 5).
-3
Calculate 1 - (34 - -4 - 14).
-23
What is (-10 - ((3 - 16) + -6)) + 3?
12
What is -4 - 4 - (33 + -35)?
-6
Evaluate 36 + 8 + -17 - (12 + -6).
21
Calculate 5 + -18 + 5 + 5 - (-2 - -2).
-3
Evaluate 44 + -14 - (0 - -23).
7
What is 20 + -36 - (0 + 2 + -8)?
-10
(-1 + -19 - -25) + (3 - -1)
9
Evaluate -3 + 0 - (19 + -94 - -59).
13
What is the value of -14 - ((5 + -10 - -2) + -10)?
-1
Evaluate 2 + 1 + (-25 - -3) + -10 + 18.
-11
What is 3 - ((14 - 29) + 6)?
12
Evaluate 3 + (2 - (12 - (5 + 0))) + -6.
-8
What is the value of 1 - (21 - (17 + 30))?
27
What is 4 - (-16 + 10 - -6)?
4
Evaluate -1 - ((13 - 2 - 5) + (1 - 3)).
-5
What is (1 - 4 - (-10 + 11)) + (14 - 9)?
1
Evaluate -56 + 28 + -3 + 23.
-8
Evaluate (-6 + 1 - (0 - 0)) + 10 + 2.
7
What is (-5 - -2) + 6 + -3?
0
What is the value of 6 + -2 + -2 + 5 - (0 + -1)?
8
5 - (3 + (-3 - 1) - (19 + -17))
8
Evaluate (-6 - -4) + (1 - -4 - 8).
-5
(3 - (4 - 5)) + -6 - -2 - 6
-6
What is (-31 - (-73 - 4)) + -28?
18
Evaluate 231 + -206 - (19 - 1).
7
Calculate -32 + -24 + (9 - -50).
3
Calculate -1 + 7 + (-9 - (-14 - (11 - 25))).
-3
What is the value of 4 - (22 + -7) - -16 - 7?
-2
Evaluate (83 - 90) + -2 + 19 - -1.
11
What is the value of -3 - (-98 + 86 + -1 + 8)?
2
What is 3 + -1 + (30 - 24) - 20?
-12
Calculate 2 + (-9 - (-54 + 33)).
14
What is the value of 1 + -10 + 5 + -3?
-7
What is 9 - (8 + -3 + (-3 - -1 - 3))?
9
What is -22 + (-16 - -2) + 34 + -2?
-4
What is (24 - 29) + -24 + 41?
12
What is the value of -58 + 85 + (-7 - ((2 - 4) + -5))?
27
What is 13 + 12 + (-4 - 0) + 7?
28
8 + 1 - (3 + 13 + -18)
11
What is the value of -26 + 56 + (-11 - (-3 + 3))?
19
Evaluate (-4 - -13) + (-8 - -3) - 4.
0
What is the value of (-14 - -1) + -121 + 128 - -15 - -26?
35
What is (-140 - -138) + 1 + (2 - 2)?
-1
Calculate (0 - -9 - 6) + (-2 - -12).
13
-22 + 2 - (29 - 17 - (9 - -3))
-20
What is the value of -682 + 695 - (-2 + (34 - 1))?
-18
What is the value of 2 + -9 + (-1 - (-55 + 47))?
0
What is (-3 - -30 - 40 - -15) + -1 + -32?
-31
Calculate 2 - 21 - (-2 - 32).
15
Calculate 1 - (-3 + (8 - 3)) - 10.
-11
(-6 + 7 + -5 - 1) + -8 + 2
-11
Calculate -16 + 4 + 1 + (7 - (0 + 8)).
-12
(2 - (-2 + 10)) + (13 - 11) + 1
-3
Evaluate (0 - (0 + -1)) + (-9 - (-53 - -37)).
8
Evaluate 2 - (11 + -2 + -16).
9
What is 0 + -4 + (13 - -1) + 1?
11
What is (-3 - -16) + (64 - 83)?
-6
Evaluate 18 + -11 - (1 - 0).
6
What is the value of -12 - ((4 - 0) + (-51 - -46))?
-11
-10 - (11 - 1 - (11 - (-7 - 7)))
5
What is -32 + 13 + (10 + 10 - 33)?
-32
Calculate (-2 - -9) + (-14 - -16).
9
What is the value of 109 - 77 - (16 + 0) - -4?
20
Evaluate -5 - (25 + -35 + -13).
18
Calculate 16 + -19 + -2 + (0 - 0).
-5
What is 1 - (9 + (13 - (13 - 0)))?
-8
7 + -1 + 14 + -21 + 0
-1
Calculate 5 - 1 - 9 - -6.
1
32 + (-12 + -3 - 10)
7
Evaluate -16 - (16 - 13) - -28.
9
What is 4 + (-2 + 3 - (0 - -7))?
-2
Evaluate 30 + -24 - (4 + -3 + 11).
-6
(-39 - (-37 - 3)) + (1 - (1 + 7))
-6
What is the value of 12 + -21 - ((-2 - -5) + -3)?
-9
What is (1 - 7) + (10 - (3 + -2)) - 7?
-4
Evaluate (4 - 22) + (-5 - (-13 + 0) - 10).
-20
Calculate -6 + -1 + 2 + 128 + -109